{"id":2,"date":"2023-05-29T12:42:27","date_gmt":"2023-05-29T11:42:27","guid":{"rendered":"https:\/\/www.wearfire.de\/?page_id=2"},"modified":"2023-06-15T13:45:25","modified_gmt":"2023-06-15T12:45:25","slug":"start","status":"publish","type":"page","link":"https:\/\/www.wearfire.de\/","title":{"rendered":"Start"},"content":{"rendered":"\n<div class=\"wp-block-cover alignfull\" style=\"min-height:708px;aspect-ratio:unset;\"><span aria-hidden=\"true\" class=\"wp-block-cover__background has-black-background-color has-background-dim-10 has-background-dim\"><\/span><img loading=\"lazy\" decoding=\"async\" width=\"1080\" height=\"1080\" class=\"wp-block-cover__image-background wp-image-310\" alt=\"\" src=\"https:\/\/www.wearfire.de\/idiwhogh\/2023\/05\/feuerwehr-grossbrand-einsatz.jpg\" style=\"object-position:48% 31%\" data-object-fit=\"cover\" data-object-position=\"48% 31%\" srcset=\"https:\/\/www.wearfire.de\/idiwhogh\/2023\/05\/feuerwehr-grossbrand-einsatz.jpg 1080w, https:\/\/www.wearfire.de\/idiwhogh\/2023\/05\/feuerwehr-grossbrand-einsatz-300x300.jpg 300w, https:\/\/www.wearfire.de\/idiwhogh\/2023\/05\/feuerwehr-grossbrand-einsatz-1024x1024.jpg 1024w, https:\/\/www.wearfire.de\/idiwhogh\/2023\/05\/feuerwehr-grossbrand-einsatz-150x150.jpg 150w, https:\/\/www.wearfire.de\/idiwhogh\/2023\/05\/feuerwehr-grossbrand-einsatz-768x768.jpg 768w\" sizes=\"auto, (max-width: 1080px) 100vw, 1080px\" \/><div class=\"wp-block-cover__inner-container is-layout-flow wp-block-cover-is-layout-flow\">\n<h1 class=\"wp-block-heading has-text-align-center has-white-color has-text-color\" style=\"margin-top:0;margin-right:0;margin-bottom:0;margin-left:0;padding-top:0;padding-right:0;padding-bottom:0;padding-left:0;font-size:clamp(33.419px, 2.089rem + ((1vw - 3.2px) * 2.077), 60px);text-transform:none\"><strong>Feel the <mark style=\"background-color:rgba(0, 0, 0, 0);color:#e30c0c\" class=\"has-inline-color\">fire <\/mark>in you<\/strong><\/h1>\n\n\n\n<div style=\"height:131px\" aria-hidden=\"true\" class=\"wp-block-spacer\"><\/div>\n\n\n\n<h1 class=\"wp-block-heading has-text-align-center has-large-font-size\"><br><br>Brandhei\u00dfe Feuerwehr Klamotten von Wearfire<br>f\u00fcr Freizeit und Dienst<\/h1>\n<\/div><\/div>\n\n\n\n<div style=\"height:77px\" aria-hidden=\"true\" class=\"wp-block-spacer\"><\/div>\n\n\n\n<div class=\"wp-block-columns alignwide are-vertically-aligned-center is-layout-flex wp-container-core-columns-is-layout-28f84493 wp-block-columns-is-layout-flex\">\n<div class=\"wp-block-column is-vertically-aligned-center is-layout-flow wp-block-column-is-layout-flow\">\n<figure class=\"wp-block-image aligncenter size-full is-resized\"><a href=\"https:\/\/www.wearfire.de\/index.php\/feuerwehr-t-shirt-schlagwort\/\"><img loading=\"lazy\" decoding=\"async\" src=\"https:\/\/www.wearfire.de\/idiwhogh\/2023\/05\/feuerwehr-manner-t-shirt-french-navy-sw-back.png\" alt=\"\" class=\"wp-image-299\" width=\"274\" height=\"400\" srcset=\"https:\/\/www.wearfire.de\/idiwhogh\/2023\/05\/feuerwehr-manner-t-shirt-french-navy-sw-back.png 413w, https:\/\/www.wearfire.de\/idiwhogh\/2023\/05\/feuerwehr-manner-t-shirt-french-navy-sw-back-205x300.png 205w\" sizes=\"auto, (max-width: 274px) 100vw, 274px\" \/><\/a><figcaption class=\"wp-element-caption\"><a href=\"https:\/\/www.wearfire.de\/index.php\/feuerwehr-t-shirt-schlagwort\/\" data-type=\"page\" data-id=\"430\">Feuerwehr T-Shirt &#8220;SCHLAGwort&#8221;<\/a><br><strong>29,90 \u20ac<\/strong><\/figcaption><\/figure>\n<\/div>\n\n\n\n<div class=\"wp-block-column is-vertically-aligned-center is-layout-flow wp-block-column-is-layout-flow\">\n<figure class=\"wp-block-image aligncenter size-full is-resized is-style-default\"><a href=\"https:\/\/www.wearfire.de\/index.php\/feuerwehr-t-shirt-you-never-walk-alone\/\"><img loading=\"lazy\" decoding=\"async\" src=\"https:\/\/www.wearfire.de\/idiwhogh\/2023\/05\/feuerwehr-t-shirt-manner-shirt-schwarz-ynwa-front.png\" alt=\"\" class=\"wp-image-301\" width=\"327\" height=\"401\" srcset=\"https:\/\/www.wearfire.de\/idiwhogh\/2023\/05\/feuerwehr-t-shirt-manner-shirt-schwarz-ynwa-front.png 580w, https:\/\/www.wearfire.de\/idiwhogh\/2023\/05\/feuerwehr-t-shirt-manner-shirt-schwarz-ynwa-front-244x300.png 244w\" sizes=\"auto, (max-width: 327px) 100vw, 327px\" \/><\/a><figcaption class=\"wp-element-caption\"><a href=\"https:\/\/www.wearfire.de\/index.php\/feuerwehr-t-shirt-you-never-walk-alone\/\" data-type=\"page\" data-id=\"433\">Feuerwehr T-Shirt &#8220;You Never Walk Alone&#8221;<\/a><br><strong>29,90 \u20ac<\/strong><\/figcaption><\/figure>\n<\/div>\n\n\n\n<div class=\"wp-block-column is-vertically-aligned-center is-layout-flow wp-block-column-is-layout-flow\">\n<figure class=\"wp-block-image aligncenter size-full is-resized\"><a href=\"https:\/\/www.wearfire.de\/index.php\/feuerwehr-poloshirt-klassiker-french-navy\/\"><img loading=\"lazy\" decoding=\"async\" src=\"https:\/\/www.wearfire.de\/idiwhogh\/2023\/05\/feuerwehr-manner-polo-shirt-french-navy-front-1.png\" alt=\"\" class=\"wp-image-288\" width=\"306\" height=\"402\" srcset=\"https:\/\/www.wearfire.de\/idiwhogh\/2023\/05\/feuerwehr-manner-polo-shirt-french-navy-front-1.png 436w, https:\/\/www.wearfire.de\/idiwhogh\/2023\/05\/feuerwehr-manner-polo-shirt-french-navy-front-1-229x300.png 229w\" sizes=\"auto, (max-width: 306px) 100vw, 306px\" \/><\/a><figcaption class=\"wp-element-caption\"><a href=\"https:\/\/www.wearfire.de\/index.php\/feuerwehr-poloshirt-klassiker-french-navy\/\" data-type=\"page\" data-id=\"436\">Feuerwehr Poloshirt &#8220;Klassiker&#8221; <br>French Navy<\/a><br><strong>34,90 \u20ac<\/strong><\/figcaption><\/figure>\n<\/div>\n<\/div>\n\n\n\n<figure class=\"wp-block-image aligncenter size-full is-resized\"><a href=\"https:\/\/www.wearfire.de\/index.php\/feuerwehr-multifunktionstuch-schlauchschal\/\"><img loading=\"lazy\" decoding=\"async\" src=\"https:\/\/www.wearfire.de\/idiwhogh\/2023\/05\/feuerwehr-multifunktionstuch-schlauchschal-halstuch-loop-.png\" alt=\"\" class=\"wp-image-323\" width=\"387\" height=\"290\" srcset=\"https:\/\/www.wearfire.de\/idiwhogh\/2023\/05\/feuerwehr-multifunktionstuch-schlauchschal-halstuch-loop-.png 577w, https:\/\/www.wearfire.de\/idiwhogh\/2023\/05\/feuerwehr-multifunktionstuch-schlauchschal-halstuch-loop--300x225.png 300w\" sizes=\"auto, (max-width: 387px) 100vw, 387px\" \/><\/a><figcaption class=\"wp-element-caption\"><a href=\"https:\/\/www.wearfire.de\/index.php\/feuerwehr-multifunktionstuch-schlauchschal\/\">Feuerwehr Multifunktionstuch \/ Schlauchschal<\/a><br><strong>11,90 \u20ac<\/strong><\/figcaption><\/figure>\n\n\n\n<div class=\"wp-block-group is-layout-constrained wp-block-group-is-layout-constrained\">\n<div style=\"height:50px\" aria-hidden=\"true\" class=\"wp-block-spacer\"><\/div>\n\n\n\n<hr class=\"wp-block-separator has-text-color has-alpha-channel-opacity has-background is-style-wide\" style=\"background-color:#bcbcbd;color:#bcbcbd\"\/>\n\n\n\n<div style=\"height:50px\" aria-hidden=\"true\" class=\"wp-block-spacer\"><\/div>\n<\/div>\n\n\n\n<div class=\"wp-block-media-text alignfull has-media-on-the-right is-stacked-on-mobile is-vertically-aligned-center is-style-default\" style=\"grid-template-columns:auto 56%\"><div class=\"wp-block-media-text__content\">\n<h3 class=\"wp-block-heading\" id=\"element_1634642797449\">Feuerwehr Schlauchschal gratis<\/h3>\n\n\n\n<p id=\"element_1634642797438\">Kaufe 2 oder mehr Feuerwehr Shirts aus unserer Wearfire Kollektion und wir legen dir bei deiner Bestellung das praktische Multifunktionstuch KOSTENLOS dazu!&nbsp;<br>\u200c<br>\u200cDu kennst unseren Feuerwehr Schlauchschal noch nicht?&nbsp;<br>\u200cDann schau ihn dir hier an:&nbsp;\u200c<\/p>\n\n\n\n<div class=\"wp-block-attire-blocks-buttons attire-blocks atbs-buttons\"><style id=\"atbs-buttons-6bb89693\">.atbs-buttons-wrapper-6bb89693 button{padding:10px 20px 10px 20px ;margin:10px 0px 10px 0px ;}<\/style><div class=\"attire-blocks atbs-buttons-wrapper-6bb89693\" style=\"text-align:left\"><style>.atbs-buttons-wrapper-6bb89693 .atbs-button-0:hover{background-color:#ffffff!important;}.atbs-buttons-wrapper-6bb89693 .atbs-button-0:hover span{color:#e2211c!important;}<\/style><button onclick=\"window.location.href='https:\/\/www.wearfire.de\/index.php\/feuerwehr-multifunktionstuch-schlauchschal\/'\" class=\"btn atbs-button-0\" style=\"border-width:1px;border-radius:5px;border-style:solid;border-color:#ff6600;background-color:#e2211c\"><span style=\"font-size:18px;font-weight:700;color:#ffffff;font-style:normal;text-transform:none\">Artikel anzeigen<\/span><\/button><\/div><\/div>\n<\/div><figure class=\"wp-block-media-text__media\"><img loading=\"lazy\" decoding=\"async\" width=\"1024\" height=\"723\" src=\"https:\/\/www.wearfire.de\/idiwhogh\/2023\/06\/kaufe-2-shirts-und-bekomme-ein-feuerwehr-multifunktionst-1024x723.png\" alt=\"\" class=\"wp-image-399 size-full\" srcset=\"https:\/\/www.wearfire.de\/idiwhogh\/2023\/06\/kaufe-2-shirts-und-bekomme-ein-feuerwehr-multifunktionst-1024x723.png 1024w, https:\/\/www.wearfire.de\/idiwhogh\/2023\/06\/kaufe-2-shirts-und-bekomme-ein-feuerwehr-multifunktionst-300x212.png 300w, https:\/\/www.wearfire.de\/idiwhogh\/2023\/06\/kaufe-2-shirts-und-bekomme-ein-feuerwehr-multifunktionst-768x542.png 768w, https:\/\/www.wearfire.de\/idiwhogh\/2023\/06\/kaufe-2-shirts-und-bekomme-ein-feuerwehr-multifunktionst-1536x1084.png 1536w, https:\/\/www.wearfire.de\/idiwhogh\/2023\/06\/kaufe-2-shirts-und-bekomme-ein-feuerwehr-multifunktionst-2048x1445.png 2048w\" sizes=\"auto, (max-width: 1024px) 100vw, 1024px\" \/><\/figure><\/div>\n\n\n\n<div class=\"wp-block-group is-layout-constrained wp-block-group-is-layout-constrained\">\n<div style=\"height:50px\" aria-hidden=\"true\" class=\"wp-block-spacer\"><\/div>\n\n\n\n<hr class=\"wp-block-separator has-text-color has-alpha-channel-opacity has-background is-style-wide\" style=\"background-color:#bcbcbd;color:#bcbcbd\"\/>\n\n\n\n<div style=\"height:50px\" aria-hidden=\"true\" class=\"wp-block-spacer\"><\/div>\n<\/div>\n\n\n\n<h2 class=\"wp-block-heading has-text-align-center\" id=\"element_1634719964670\">Was macht unsere Produkte so besonders?<\/h2>\n\n\n\n<p class=\"has-text-align-center has-vivid-cyan-blue-color has-text-color has-medium-font-size\" id=\"element_1634719965066\">Sie wurden von einem <strong>Feuerwehrmann<\/strong> selbst entworfen und getestet! <br>Auf die folgenden <strong>drei Punkte<\/strong> wurde dabei sehr viel Wert gelegt.<\/p>\n\n\n\n<div style=\"height:50px\" aria-hidden=\"true\" class=\"wp-block-spacer\"><\/div>\n\n\n\n<div class=\"wp-block-columns alignwide is-layout-flex wp-container-core-columns-is-layout-d2da2050 wp-block-columns-is-layout-flex\" style=\"margin-bottom:0\">\n<div class=\"wp-block-column has-text-color has-background has-link-color wp-elements-97251526a3b7b286917f5816e310e9f2 is-layout-flow wp-block-column-is-layout-flow\" style=\"color:#000000;background-color:#ffe97d;padding-top:2em;padding-right:2em;padding-bottom:2em;padding-left:2em\">\n<h2 class=\"wp-block-heading\" id=\"single\" style=\"font-size:clamp(24.034px, 1.502rem + ((1vw - 3.2px) * 1.247), 40px);\"><strong>MATERIAL<\/strong><\/h2>\n\n\n\n<p class=\"has-normal-font-size\" style=\"line-height:1.5\"><strong>Sorgf\u00e4ltig ausgew\u00e4hlte umweltfreundliche Materialien.<\/strong><\/p>\n\n\n\n<hr class=\"wp-block-separator has-text-color has-palette-color-3-color has-alpha-channel-opacity has-palette-color-3-background-color has-background is-style-wide\"\/>\n<\/div>\n\n\n\n<div class=\"wp-block-column has-text-color has-background has-link-color wp-elements-14cd005b91f9c4618c12d2af8adb3d9f is-layout-flow wp-block-column-is-layout-flow\" style=\"color:#000000;background-color:#d1d1e1;padding-top:2em;padding-right:2em;padding-bottom:2em;padding-left:2em\">\n<h2 class=\"wp-block-heading\" id=\"family\" style=\"font-size:clamp(24.034px, 1.502rem + ((1vw - 3.2px) * 1.247), 40px);\"><strong>DESIGN<\/strong><\/h2>\n\n\n\n<p class=\"has-normal-font-size\" style=\"line-height:1.5\"><strong>Die Leidenschaft zur Feuerwehr alltagstauglich in Szene gesetzt.<\/strong><\/p>\n\n\n\n<hr class=\"wp-block-separator has-text-color has-palette-color-3-color has-alpha-channel-opacity has-palette-color-3-background-color has-background is-style-wide\"\/>\n<\/div>\n\n\n\n<div class=\"wp-block-column has-text-color has-background has-link-color wp-elements-3d944942f3fcfd3ccdfec19cbaeba5e3 is-layout-flow wp-block-column-is-layout-flow\" style=\"color:#000000;background-color:#c0ebf1;padding-top:2em;padding-right:2em;padding-bottom:2em;padding-left:2em\">\n<h2 class=\"wp-block-heading\" id=\"patron\" style=\"font-size:clamp(24.034px, 1.502rem + ((1vw - 3.2px) * 1.247), 40px);\"><strong>QUALIT\u00c4T<\/strong><\/h2>\n\n\n\n<p class=\"has-normal-font-size\"><strong>Hohe Qualit\u00e4t, die den&nbsp;Anspr\u00fcchen der Feuerwehrleute gerecht wird.<\/strong><\/p>\n\n\n\n<hr class=\"wp-block-separator has-text-color has-palette-color-3-color has-alpha-channel-opacity has-palette-color-3-background-color has-background is-style-wide\"\/>\n<\/div>\n<\/div>\n\n\n\n<div class=\"wp-block-group is-layout-constrained wp-block-group-is-layout-constrained\">\n<div style=\"height:50px\" aria-hidden=\"true\" class=\"wp-block-spacer\"><\/div>\n\n\n\n<hr class=\"wp-block-separator has-text-color has-alpha-channel-opacity has-background is-style-wide\" style=\"background-color:#bcbcbd;color:#bcbcbd\"\/>\n\n\n\n<div style=\"height:50px\" aria-hidden=\"true\" class=\"wp-block-spacer\"><\/div>\n<\/div>\n\n\n\n<div class=\"wp-block-media-text alignwide is-stacked-on-mobile\" style=\"grid-template-columns:30% auto\"><figure class=\"wp-block-media-text__media\"><img loading=\"lazy\" decoding=\"async\" width=\"500\" height=\"650\" src=\"https:\/\/www.wearfire.de\/idiwhogh\/2023\/06\/Mengenrabatt.Wearfire.no_.Button500x650.png\" alt=\"\" class=\"wp-image-565 size-full\" srcset=\"https:\/\/www.wearfire.de\/idiwhogh\/2023\/06\/Mengenrabatt.Wearfire.no_.Button500x650.png 500w, https:\/\/www.wearfire.de\/idiwhogh\/2023\/06\/Mengenrabatt.Wearfire.no_.Button500x650-231x300.png 231w\" sizes=\"auto, (max-width: 500px) 100vw, 500px\" \/><\/figure><div class=\"wp-block-media-text__content\">\n<h3 class=\"wp-block-heading\">Ihr sucht noch Geschenke f\u00fcr eure Kameraden und Kameradinnen oder habt Interesse an mehreren <mark style=\"background-color:rgba(0, 0, 0, 0);color:#e2211c\" class=\"has-inline-color\">WEARFIRE <\/mark>Artikeln?<\/h3>\n\n\n\n<h3 class=\"wp-block-heading\">Wir geben euch einen <mark style=\"background-color:rgba(0, 0, 0, 0);color:#ff6600\" class=\"has-inline-color\">satten Mengenrabatt<\/mark> bereits ab 10 St\u00fcck! <\/h3>\n\n\n\n<h3 class=\"wp-block-heading\">Schreibt uns einfach eine Nachricht &#8211; direkt hier \u00fcber unser <a href=\"https:\/\/www.wearfire.de\/index.php\/kontakt\/\">Kontaktformular <\/a>oder per <a href=\"mailto:info@wearfire.de?subject=Anfrage%20Mengenrabatt\">Mail<\/a>.<\/h3>\n<\/div><\/div>\n\n\n\n<div class=\"wp-block-group is-layout-constrained wp-block-group-is-layout-constrained\">\n<div style=\"height:50px\" aria-hidden=\"true\" class=\"wp-block-spacer\"><\/div>\n\n\n\n<hr class=\"wp-block-separator has-text-color has-alpha-channel-opacity has-background is-style-wide\" style=\"background-color:#bcbcbd;color:#bcbcbd\"\/>\n\n\n\n<div style=\"height:50px\" aria-hidden=\"true\" class=\"wp-block-spacer\"><\/div>\n<\/div>\n\n\n\n<div class=\"wp-block-group is-layout-constrained wp-block-group-is-layout-constrained\">\n<h2 class=\"wp-block-heading has-text-align-center\">Folge uns auf Facebook und Instagram<\/h2>\n\n\n\n<ul class=\"wp-block-social-links aligncenter has-large-icon-size is-content-justification-center is-layout-flex wp-container-core-social-links-is-layout-a89b3969 wp-block-social-links-is-layout-flex\"><li class=\"wp-social-link wp-social-link-facebook  wp-block-social-link\"><a rel=\"noopener nofollow\" target=\"_blank\" href=\"https:\/\/www.facebook.com\/wearfireclothing\/\" class=\"wp-block-social-link-anchor\"><svg width=\"24\" height=\"24\" viewBox=\"0 0 24 24\" version=\"1.1\" xmlns=\"http:\/\/www.w3.org\/2000\/svg\" aria-hidden=\"true\" focusable=\"false\"><path d=\"M12 2C6.5 2 2 6.5 2 12c0 5 3.7 9.1 8.4 9.9v-7H7.9V12h2.5V9.8c0-2.5 1.5-3.9 3.8-3.9 1.1 0 2.2.2 2.2.2v2.5h-1.3c-1.2 0-1.6.8-1.6 1.6V12h2.8l-.4 2.9h-2.3v7C18.3 21.1 22 17 22 12c0-5.5-4.5-10-10-10z\"><\/path><\/svg><span class=\"wp-block-social-link-label screen-reader-text\">Facebook<\/span><\/a><\/li>\n\n<li class=\"wp-social-link wp-social-link-instagram  wp-block-social-link\"><a rel=\"noopener nofollow\" target=\"_blank\" href=\"https:\/\/www.instagram.com\/wearfire_clothing\/\" class=\"wp-block-social-link-anchor\"><svg width=\"24\" height=\"24\" viewBox=\"0 0 24 24\" version=\"1.1\" xmlns=\"http:\/\/www.w3.org\/2000\/svg\" aria-hidden=\"true\" focusable=\"false\"><path d=\"M12,4.622c2.403,0,2.688,0.009,3.637,0.052c0.877,0.04,1.354,0.187,1.671,0.31c0.42,0.163,0.72,0.358,1.035,0.673 c0.315,0.315,0.51,0.615,0.673,1.035c0.123,0.317,0.27,0.794,0.31,1.671c0.043,0.949,0.052,1.234,0.052,3.637 s-0.009,2.688-0.052,3.637c-0.04,0.877-0.187,1.354-0.31,1.671c-0.163,0.42-0.358,0.72-0.673,1.035 c-0.315,0.315-0.615,0.51-1.035,0.673c-0.317,0.123-0.794,0.27-1.671,0.31c-0.949,0.043-1.233,0.052-3.637,0.052 s-2.688-0.009-3.637-0.052c-0.877-0.04-1.354-0.187-1.671-0.31c-0.42-0.163-0.72-0.358-1.035-0.673 c-0.315-0.315-0.51-0.615-0.673-1.035c-0.123-0.317-0.27-0.794-0.31-1.671C4.631,14.688,4.622,14.403,4.622,12 s0.009-2.688,0.052-3.637c0.04-0.877,0.187-1.354,0.31-1.671c0.163-0.42,0.358-0.72,0.673-1.035 c0.315-0.315,0.615-0.51,1.035-0.673c0.317-0.123,0.794-0.27,1.671-0.31C9.312,4.631,9.597,4.622,12,4.622 M12,3 C9.556,3,9.249,3.01,8.289,3.054C7.331,3.098,6.677,3.25,6.105,3.472C5.513,3.702,5.011,4.01,4.511,4.511 c-0.5,0.5-0.808,1.002-1.038,1.594C3.25,6.677,3.098,7.331,3.054,8.289C3.01,9.249,3,9.556,3,12c0,2.444,0.01,2.751,0.054,3.711 c0.044,0.958,0.196,1.612,0.418,2.185c0.23,0.592,0.538,1.094,1.038,1.594c0.5,0.5,1.002,0.808,1.594,1.038 c0.572,0.222,1.227,0.375,2.185,0.418C9.249,20.99,9.556,21,12,21s2.751-0.01,3.711-0.054c0.958-0.044,1.612-0.196,2.185-0.418 c0.592-0.23,1.094-0.538,1.594-1.038c0.5-0.5,0.808-1.002,1.038-1.594c0.222-0.572,0.375-1.227,0.418-2.185 C20.99,14.751,21,14.444,21,12s-0.01-2.751-0.054-3.711c-0.044-0.958-0.196-1.612-0.418-2.185c-0.23-0.592-0.538-1.094-1.038-1.594 c-0.5-0.5-1.002-0.808-1.594-1.038c-0.572-0.222-1.227-0.375-2.185-0.418C14.751,3.01,14.444,3,12,3L12,3z M12,7.378 c-2.552,0-4.622,2.069-4.622,4.622S9.448,16.622,12,16.622s4.622-2.069,4.622-4.622S14.552,7.378,12,7.378z M12,15 c-1.657,0-3-1.343-3-3s1.343-3,3-3s3,1.343,3,3S13.657,15,12,15z M16.804,6.116c-0.596,0-1.08,0.484-1.08,1.08 s0.484,1.08,1.08,1.08c0.596,0,1.08-0.484,1.08-1.08S17.401,6.116,16.804,6.116z\"><\/path><\/svg><span class=\"wp-block-social-link-label screen-reader-text\">Instagram<\/span><\/a><\/li><\/ul>\n<\/div>\n","protected":false},"excerpt":{"rendered":"<p>Was macht unsere Produkte so besonders? Sie wurden von einem Feuerwehrmann selbst entworfen und getestet! Auf die folgenden drei Punkte wurde dabei sehr viel Wert gelegt. MATERIAL Sorgf\u00e4ltig ausgew\u00e4hlte umweltfreundliche Materialien. DESIGN Die Leidenschaft zur Feuerwehr alltagstauglich in Szene gesetzt. QUALIT\u00c4T Hohe Qualit\u00e4t, die den&nbsp;Anspr\u00fcchen der Feuerwehrleute gerecht wird. Ihr sucht noch Geschenke f\u00fcr eure [&hellip;]<\/p>\n","protected":false},"author":1,"featured_media":0,"parent":0,"menu_order":0,"comment_status":"closed","ping_status":"closed","template":"","meta":{"footnotes":""},"class_list":["post-2","page","type-page","status-publish","hentry"],"blocksy_meta":[],"_links":{"self":[{"href":"https:\/\/www.wearfire.de\/index.php\/wp-json\/wp\/v2\/pages\/2","targetHints":{"allow":["GET"]}}],"collection":[{"href":"https:\/\/www.wearfire.de\/index.php\/wp-json\/wp\/v2\/pages"}],"about":[{"href":"https:\/\/www.wearfire.de\/index.php\/wp-json\/wp\/v2\/types\/page"}],"author":[{"embeddable":true,"href":"https:\/\/www.wearfire.de\/index.php\/wp-json\/wp\/v2\/users\/1"}],"replies":[{"embeddable":true,"href":"https:\/\/www.wearfire.de\/index.php\/wp-json\/wp\/v2\/comments?post=2"}],"version-history":[{"count":120,"href":"https:\/\/www.wearfire.de\/index.php\/wp-json\/wp\/v2\/pages\/2\/revisions"}],"predecessor-version":[{"id":589,"href":"https:\/\/www.wearfire.de\/index.php\/wp-json\/wp\/v2\/pages\/2\/revisions\/589"}],"wp:attachment":[{"href":"https:\/\/www.wearfire.de\/index.php\/wp-json\/wp\/v2\/media?parent=2"}],"curies":[{"name":"wp","href":"https:\/\/api.w.org\/{rel}","templated":true}]}}